{"id":30,"date":"2014-01-01T00:44:55","date_gmt":"2013-12-31T22:44:55","guid":{"rendered":"http:\/\/www.phreservi.fi\/?page_id=30"},"modified":"2026-03-05T21:07:38","modified_gmt":"2026-03-05T19:07:38","slug":"etusivu","status":"publish","type":"page","link":"https:\/\/www.phreservi.fi\/","title":{"rendered":"P\u00e4ij\u00e4t-H\u00e4meen Reservipiiri"},"content":{"rendered":"<h1><a href=\"https:\/\/www.phreservi.fi\/wp-content\/uploads\/ilves_1_2026.pdf\"><strong>Lue uusin P\u00e4ij\u00e4t-H\u00e4meen Ilves t\u00e4st\u00e4<\/strong><\/a><\/h1>\n<h4>\u00a0<\/h4>\n<h4>P\u00e4\u00e4yhteisty\u00f6kumppanimme:<\/h4>\n<h4><a href=\"http:\/\/www.phreservi.fi\/wp-content\/uploads\/seo.jpg\"><img loading=\"lazy\" decoding=\"async\" class=\"alignnone size-large wp-image-1134\" src=\"http:\/\/www.phreservi.fi\/wp-content\/uploads\/seo-1024x708.jpg\" alt=\"\" width=\"474\" height=\"328\" srcset=\"https:\/\/www.phreservi.fi\/wp-content\/uploads\/seo-1024x708.jpg 1024w, https:\/\/www.phreservi.fi\/wp-content\/uploads\/seo-300x207.jpg 300w, https:\/\/www.phreservi.fi\/wp-content\/uploads\/seo-768x531.jpg 768w, https:\/\/www.phreservi.fi\/wp-content\/uploads\/seo.jpg 1231w\" sizes=\"(max-width: 474px) 100vw, 474px\" \/><\/a><\/h4>\n\n\n<p><\/p>\n","protected":false},"excerpt":{"rendered":"<p>Lue uusin P\u00e4ij\u00e4t-H\u00e4meen Ilves t\u00e4st\u00e4 \u00a0 P\u00e4\u00e4yhteisty\u00f6kumppanimme:<\/p>\n","protected":false},"author":1,"featured_media":105,"parent":0,"menu_order":0,"comment_status":"closed","ping_status":"closed","template":"","meta":{"footnotes":""},"_links":{"self":[{"href":"https:\/\/www.phreservi.fi\/index.php?rest_route=\/wp\/v2\/pages\/30"}],"collection":[{"href":"https:\/\/www.phreservi.fi\/index.php?rest_route=\/wp\/v2\/pages"}],"about":[{"href":"https:\/\/www.phreservi.fi\/index.php?rest_route=\/wp\/v2\/types\/page"}],"author":[{"embeddable":true,"href":"https:\/\/www.phreservi.fi\/index.php?rest_route=\/wp\/v2\/users\/1"}],"replies":[{"embeddable":true,"href":"https:\/\/www.phreservi.fi\/index.php?rest_route=%2Fwp%2Fv2%2Fcomments&post=30"}],"version-history":[{"count":44,"href":"https:\/\/www.phreservi.fi\/index.php?rest_route=\/wp\/v2\/pages\/30\/revisions"}],"predecessor-version":[{"id":1314,"href":"https:\/\/www.phreservi.fi\/index.php?rest_route=\/wp\/v2\/pages\/30\/revisions\/1314"}],"wp:featuredmedia":[{"embeddable":true,"href":"https:\/\/www.phreservi.fi\/index.php?rest_route=\/wp\/v2\/media\/105"}],"wp:attachment":[{"href":"https:\/\/www.phreservi.fi\/index.php?rest_route=%2Fwp%2Fv2%2Fmedia&parent=30"}],"curies":[{"name":"wp","href":"https:\/\/api.w.org\/{rel}","templated":true}]}}