{"id":141,"date":"2014-01-03T08:00:15","date_gmt":"2014-01-03T06:00:15","guid":{"rendered":"http:\/\/www.phreservi.fi\/?page_id=141"},"modified":"2018-01-02T13:43:24","modified_gmt":"2018-01-02T11:43:24","slug":"tapahtumat","status":"publish","type":"page","link":"https:\/\/www.phreservi.fi\/?page_id=141","title":{"rendered":"Tapahtumat"},"content":{"rendered":"<p>Reservil\u00e4isurheiluliiton kilpailukutsut l\u00f6yd\u00e4t osoitteesta <a href=\"http:\/\/resul.fi\/kilpailut\/kilpailukalenteri\/\">www.resul.fi<\/a><br \/>\nCONTENTS<\/p>\n<p><strong><a href=\"http:\/\/www.phreservi.fi\/?page_id=584\">Menneit\u00e4 tapahtumia l\u00f6yd\u00e4t t\u00e4\u00e4lt\u00e4<\/a><\/strong><\/p>\n","protected":false},"excerpt":{"rendered":"<p>CONTENTS<\/p>\n","protected":false},"author":1,"featured_media":0,"parent":0,"menu_order":0,"comment_status":"closed","ping_status":"closed","template":"","meta":{"footnotes":""},"_links":{"self":[{"href":"https:\/\/www.phreservi.fi\/index.php?rest_route=\/wp\/v2\/pages\/141"}],"collection":[{"href":"https:\/\/www.phreservi.fi\/index.php?rest_route=\/wp\/v2\/pages"}],"about":[{"href":"https:\/\/www.phreservi.fi\/index.php?rest_route=\/wp\/v2\/types\/page"}],"author":[{"embeddable":true,"href":"https:\/\/www.phreservi.fi\/index.php?rest_route=\/wp\/v2\/users\/1"}],"replies":[{"embeddable":true,"href":"https:\/\/www.phreservi.fi\/index.php?rest_route=%2Fwp%2Fv2%2Fcomments&post=141"}],"version-history":[{"count":6,"href":"https:\/\/www.phreservi.fi\/index.php?rest_route=\/wp\/v2\/pages\/141\/revisions"}],"predecessor-version":[{"id":622,"href":"https:\/\/www.phreservi.fi\/index.php?rest_route=\/wp\/v2\/pages\/141\/revisions\/622"}],"wp:attachment":[{"href":"https:\/\/www.phreservi.fi\/index.php?rest_route=%2Fwp%2Fv2%2Fmedia&parent=141"}],"curies":[{"name":"wp","href":"https:\/\/api.w.org\/{rel}","templated":true}]}}